7*u + 2862. Determine q(-1).
-55
Let p(l) = 60*l**2 + 6839*l - 207. Calculate p(-114).
-93
Let p(y) = y**2 + 181*y + 6265. Calculate p(-58).
-869
Let u(s) = s**3 - 22*s**2 + 480*s - 3280. Calculate u(9).
-13
Let o(x) = x**2 - 560*x + 39209. Calculate o(478).
13
Let v(m) = m**3 - 34*m**2 - 1117*m + 37974. Give v(33).
24
Let k(v) = 5*v**3 - 28*v**2 - 25*v + 16. Determine k(6).
-62
Let a(d) = 2*d**3 - 340*d**2 - 2092*d - 3522. Determine a(176).
-2
Let p(z) = -1109*z + 4707. Determine p(4).
271
Let o(z) = -4318*z + 1148895. Give o(266).
307
Let i(o) = -68865*o - 12. Give i(0).
-12
Let b(l) = 25*l**2 - 36*l - 3. What is b(2)?
25
Let w(n) = 14335*n - 1361796. Calculate w(95).
29
Let y(i) = 6871*i - 54972. Give y(8).
-4
Let h(i) = -4*i**2 - 1105*i - 72549. Calculate h(-106).
-363
Let z(f) = 2865*f - 375288. What is z(131)?
27
Let y(x) = 26*x**2 + 692*x + 115. Calculate y(-31).
3649
Let s(f) = 3*f**3 - 20*f**2 + 5*f - 185. What is s(7)?
-101
Let l(h) = -h**3 + 229*h**2 + 28699*h + 3510. What is l(319)?
1
Let f(k) = -k**3 - 35*k**2 - 6821*k - 280870. Give f(-40).
-30
Let k(g) = -7102*g - 468677. Determine k(-66).
55
Let h(l) = -488*l + 20509. Calculate h(38).
1965
Let j(u) = -8*u**2 - 5376*u + 43101. Determine j(8).
-419
Let f(o) = -412*o + 74513. What is f(181)?
-59
Let x(w) = -35468*w - 248281. Determine x(-7).
-5
Let o(z) = -385*z + 7413. Calculate o(22).
-1057
Let n(s) = -78*s**3 - 30*s - 58. Calculate n(-2).
626
Let o(y) = 117469*y - 704889. Determine o(6).
-75
Let q(s) = -4*s**3 - 657*s**2 - 855*s - 6517. Calculate q(-163).
3
Let k(i) = 14*i**2 - 627*i - 4270. What is k(-6)?
-4
Let g(w) = -2549*w + 599020. Calculate g(235).
5
Let x(m) = -m**3 + 289*m**2 - 291*m + 135. Give x(288).
-729
Let k(h) = 15*h + 146. Give k(-2).
116
Let b(s) = -17*s**2 + 3633*s + 111838. What is b(241)?
14
Let q(b) = -b**3 - 8*b**2 - 15*b + 35. Calculate q(2).
-35
Let r(i) = -15*i**2 - 2045*i + 25. What is r(-136)?
705
Let x(q) = -1986*q - 33791. Determine x(-17).
-29
Let g(b) = -b**2 - 46084*b - 230392. Give g(-5).
3
Let b(p) = 7*p**2 - 2184*p - 22569. What is b(-10)?
-29
Let n(w) = 12*w**2 - 138*w - 3604. What is n(24)?
-4
Let g(o) = 13*o**2 + 4954*o - 14925. Calculate g(3).
54
Let i(q) = -5*q**3 - 751*q**2 - 216*q - 9915. Give i(-150).
-15
Let i(t) = 23*t**3 - 938*t**2 - 193*t - 481. Determine i(41).
11
Let n(i) = -1089*i + 10880. Give n(10).
-10
Let m(n) = -4*n**2 - 20140*n + 100688. Determine m(5).
-112
Let b(a) = -7603*a**2 + 38016*a + 10. Calculate b(5).
15
Let i(l) = 837*l**2 - 10111*l + 683. Determine i(12).
-121
Let r(q) = 53*q**2 + 836*q + 655. Determine r(-15).
40
Let t(z) = 496*z + 87551. What is t(-176)?
255
Let b(n) = -2*n**3 - 16*n**2 + 1205*n + 9639. Determine b(-8).
-1
Let v(r) = -32*r**3 + 179*r**2 + 691*r - 5. Calculate v(-4).
2143
Let q(a) = 3052*a - 5154847. What is q(1689)?
-19
Let p(y) = -7558*y + 46201. Determine p(6).
853
Let n(u) = -u**3 - 182*u**2 - 711*u + 183. Determine n(-178).
5
Let i(c) = -9*c**3 - 1201*c**2 - 561*c - 3850. Determine i(-133).
7
Let j(r) = -2*r**3 - 341*r**2 + 1215*r - 568. Give j(-174).
-46
Let y(h) = -67*h**3 - 582*h**2 + 10*h + 60. Give y(-8).
-2964
Let k(z) = 2*z**2 - 5918*z + 1600099. Determine k(301).
-17
Let c(y) = 28960*y - 492317. Determine c(17).
3
Let d(m) = -337*m**2 + 3926*m + 1416. Give d(12).
0
Let w(q) = -17*q + 985. Determine w(76).
-307
Let u(w) = -w**2 + 2082*w - 142795. Give u(71).
-14
Let t(a) = -7116*a - 298873. Calculate t(-42).
-1
Let c(g) = 8418*g + 8438. Calculate c(-1).
20
Let w(s) = -4*s**3 - 919*s**2 + 2091*s + 788. Determine w(-232).
92
Let l(s) = -s**3 - 198*s**2 + 3425*s + 645. What is l(-214)?
431
Let t(f) = -1552*f**2 - 43466*f - 286. Give t(-28).
-6
Let z(t) = 13147*t + 170884. Calculate z(-13).
-27
Let t(v) = 126*v**2 - 428*v - 355. Calculate t(4).
-51
Let x(q) = 6*q**2 - 433*q - 141819. Calculate x(194).
-5
Let j(i) = -41096*i - 410949. Calculate j(-10).
11
Let d(u) = 290960*u - 7564969. Calculate d(26).
-9
Let i(h) = 592*h**2 - 1108*h - 146. Determine i(2).
6
Let k(x) = 6280*x - 5695955. Calculate k(907).
5
Let j(f) = -150917*f + 5. Give j(0).
5
Let i(t) = -10*t**3 - 40*t**2 + 1143*t + 7. Determine i(9).
-236
Let a(w) = -40069*w - 961650. Give a(-24).
6
Let k(w) = w**3 + 400*w**2 + 407*w + 3045. Calculate k(-399).
-147
Let o(z) = 1326*z + 51. Calculate o(-2).
-2601
Let d(m) = m**3 + 372*m**2 - 4986*m + 7274. Determine d(-385).
-41
Let p(r) = -88*r**2 - 12482*r + 2073. Calculate p(-142).
85
Let f(k) = 2902*k - 536. What is f(0)?
-536
Let b(k) = k**3 - 29*k**2 + 214*k - 61. Calculate b(14).
-5
Let x(v) = 6*v**2 + 63*v - 541. Give x(-25).
1634
Let o(a) = a**3 - 455*a**2 + 323*a - 146956. Give o(455).
9
Let o(p) = -382*p**2 + 139044*p + 1471. Give o(364).
15
Let a(q) = 12*q**2 - 3533*q - 5602. Determine a(296).
22
Let f(c) = -172*c - 22243. What is f(-130)?
117
Let j(g) = -1015*g - 136002. What is j(-134)?
8
Let a(r) = 896*r**3 - 6272*r**2 - 17*r + 160. Determine a(7).
41
Let q(f) = -75*f + 1353. What is q(16)?
153
Let a(z) = -13479*z - 242625. Give a(-18).
-3
Let i(c) = c**3 + 1502*c**2 - 28900*c + 1. Determine i(19).
-18
Let o(g) = -34*g + 3748. Determine o(110).
8
Let p(n) = -784*n - 17110. What is p(-22)?
138
Let f(g) = -2*g**2 - 16749*g + 268506. What is f(16)?
10
Let m(c) = 4*c**2 - 270*c + 4696. Calculate m(41).
350
Let x(h) = -h**3 + 19*h**2 + 28*h + 507. Calculate x(17).
1561
Let a(d) = -2*d**3 - 9*d**2 + 276*d + 1240. What is a(-4)?
120
Let i(a) = 4*a**2 - 772*a - 1161777. Calculate i(644).
-1
Let i(y) = y**3 - 27*y**2 + 45*y - 269. Give i(9).
-1322
Let z(d) = -d**3 - 32*d**2 + 160*d - 14. Determine z(5).
-139
Let b(k) = 4*k**2 + 2336*k + 273461. What is b(-422)?
5
Let c(g) = -14*g**3 + 48*g**2 + 78*g - 5. Calculate c(5).
-165
Let b(d) = -4606*d - 9185. Determine b(-2).
27
Let f(j) = j**3 + 243*j**2 + 5452*j + 625. Give f(-218).
189
Let q(m) = -310*m - 121832. Determine q(-393).
-2
Let c(p) = -4*p**2 - 3828*p + 26790. What is c(7)?
-202
Let a(x) = 222690*x + 222747. Determine a(-1).
57
Let n(l) = l**2 - 1420*l - 107434. Calculate n(-72).
-10
Let j(h) = 26*h**2 + 887*h + 130. Determine j(-34).
28
Let z(l) = 9*l**2 + 822*l - 1279. Calculate z(-93).
116
Let v(h) = -2*h**2 + 83*h + 4289. Give v(-30).
-1
Let y(k) = 241*k + 5862. What is y(-34)?
-2332
Let j(q) = -q**2 - 2561*q + 186920. Give j(71).
48
Let q(k) = -19*k**2 + 185*k - 336. Determine q(7).
28
Let n(x) = x**3 + 6*x**2 + 663*x - 2805. Determine n(4).
7
Let r(p) = p**3 + 2*p**2 + 146*p + 1075. Give r(-7).
-192
Let q(x) = -6*x**3 + 19*x**2 - 39*x + 183. What is q(7)?
-1217
Let j(a) = -82*a + 2354. Calculate j(31).
-188
Let u(n) = 679*n**2 - 62466*n - 190. Determine u(92).
-6
Let a(u) = u**3 - 62*u**2 - 111*u - 253. What is a(64)?
835
Let f(v) = 48*v + 5544. Calculate f(-116).
-24
Let f(s) = -98325*s + 393301. Calculate f(4).
1
Let z(q) = 1984*q + 74. What is z(0)?
74
Let l(u) = 3453*u + 31096. Give l(-9).
19
Let z(f) = -f**3 + 114*f**2 - 845*f - 250. Determine z(106).
68
Let p(h) = 51049*h - 255261. Give p(5).
-16
Let o(l) = 2*l**2 - 70*l - 22931. Determine o(-91).
1
Let d(o) = 2*o**3 - 27*o**2 - 2203*o + 20553. Determine d(9).
-3
Let k(j) = -5*j**2 - 17924*j + 143545. Determine k(8).
-167
Let n(y) = -120*y + 2134. Calculate n(23).
-626
Let n(d) = 187*d**2 - 1734*d - 170. Give n(10).
1190
Let p(i) = -9347*i - 93454. Give p(-10).
16
Let k(w) = 8*w**3 + 1599*w**2 - 230*w - 5782. Calculate k(-200).
218
Let p(g) = -6*g**3 - 19*g**2 + 99*g + 975. Calculate p(-8).
2039
Let u(o) = -o**3 - 293*o**2 - 3656*o - 4474. What is u(-280)?
6
Let j(a) = 580*a + 1667. Give j(-3).
-73
Let t(n) = -7*n**3 + 34*n**2 + 12*n - 16. Calculate t(3).
137
Let n(u) = 774*u - 23202. What is n(30)?
18
Let x(y) = 26*y - 1485. Give x(53).
-107
Let k(v) = -v**2 + 23*v - 37. Determine k(26).
-115
Let h(u) = -5*u**3 + 131*u**2 + 1486*u + 316. Calculate h(-10).
3556
Let b(x) = 1808*x - 99427. Give b(55).
13
Let c(x) = 18948*x - 113276. What is c(6)?
412
Let n(c) = -c**3 + 636*c**2 - 17025*c + 610. What is n(608)?
2
Let a(n) = 5898*n + 29487. Calculate a(-5).
-3
Let d(u) = 19173*u + 38311. Calculate d(-2).
-35
Let u(n) = 2823041*n - 16938252. Give u(6).
-6
Let c(u) = u**3 + 10*u**2 - 4200*u + 57. Calculate c(60).
57
Let h(g) = -77841*g - 233539. Give h(-3).
-16
